{"id":257,"date":"2025-07-21T14:13:07","date_gmt":"2025-07-21T11:13:07","guid":{"rendered":"https:\/\/www.myotamaenvesi.fi\/?page_id=257"},"modified":"2025-07-21T14:24:53","modified_gmt":"2025-07-21T11:24:53","slug":"hairiotiedotteet","status":"publish","type":"page","link":"http:\/\/www.myotamaenvesi.fi\/?page_id=257","title":{"rendered":"H\u00e4iri\u00f6tiedotteet"},"content":{"rendered":"\n<p><\/p>\n\n\n\n<p><strong>Tilaa h\u00e4iri\u00f6tiedotteet tekstiviestin\u00e4<\/strong><\/p>\n\n\n\n<p><br>Toisinaan vedenjakelu on katkaistava, kun yll\u00e4pid\u00e4mme vesihuoltoverkostoa. Tiedotamme tekstiviestill\u00e4 suunnitelluista k\u00e4ytt\u00f6katkoista joko etuk\u00e4teen tai nopeasti \u00e4killisen h\u00e4iri\u00f6n johdosta, jotta voit varautua siihen.<\/p>\n\n\n\n<p><br><strong>Tekstiviestin suurimpia hy\u00f6tyj\u00e4 ovat nopea tavoitettavuus sek\u00e4 turvallisuus. Matkapuhelin kulkee kaikkien taskussa ja koska tekstiviestit ovat Internet-yhteydest\u00e4 riippumattomia, niill\u00e4 voidaan tavoittaa ihmisi\u00e4 tehokkaasti henkil\u00f6n sijainnista riippumatta.<\/strong><\/p>\n\n\n\n<div class=\"wp-block-contact-form-7-contact-form-selector\">\n<div class=\"wpcf7 no-js\" id=\"wpcf7-f260-o1\" lang=\"fi\" dir=\"ltr\" data-wpcf7-id=\"260\">\n<div class=\"screen-reader-response\"><p role=\"status\" aria-live=\"polite\" aria-atomic=\"true\"><\/p> <ul><\/ul><\/div>\n<form action=\"\/index.php?rest_route=%2Fwp%2Fv2%2Fpages%2F257#wpcf7-f260-o1\" method=\"post\" class=\"wpcf7-form init\" aria-label=\"Yhteydenottolomake\" novalidate=\"novalidate\" data-status=\"init\">\n<div style=\"display: none;\">\n<input type=\"hidden\" name=\"_wpcf7\" value=\"260\" \/>\n<input type=\"hidden\" name=\"_wpcf7_version\" value=\"6.0.4\" \/>\n<input type=\"hidden\" name=\"_wpcf7_locale\" value=\"fi\" \/>\n<input type=\"hidden\" name=\"_wpcf7_unit_tag\" value=\"wpcf7-f260-o1\" \/>\n<input type=\"hidden\" name=\"_wpcf7_container_post\" value=\"0\" \/>\n<input type=\"hidden\" name=\"_wpcf7_posted_data_hash\" value=\"\" \/>\n<\/div>\n<p><label> Tilaajan nimi<br \/>\n<span class=\"wpcf7-form-control-wrap\" data-name=\"your-name\"><input size=\"40\" maxlength=\"400\" class=\"wpcf7-form-control wpcf7-text wpcf7-validates-as-required\" autocomplete=\"name\" aria-required=\"true\" aria-invalid=\"false\" value=\"\" type=\"text\" name=\"your-name\" \/><\/span> <\/label><br \/>\n<label> Asiakasnumero<br \/>\n<span class=\"wpcf7-form-control-wrap\" data-name=\"text-asinum\"><input size=\"40\" maxlength=\"400\" class=\"wpcf7-form-control wpcf7-text wpcf7-validates-as-required\" aria-required=\"true\" aria-invalid=\"false\" value=\"\" type=\"text\" name=\"text-asinum\" \/><\/span> <\/label><br \/>\n<label> K\u00e4ytt\u00f6paikan osoite<br \/>\n<span class=\"wpcf7-form-control-wrap\" data-name=\"text-kp\"><input size=\"40\" maxlength=\"400\" class=\"wpcf7-form-control wpcf7-text wpcf7-validates-as-required\" aria-required=\"true\" aria-invalid=\"false\" value=\"\" type=\"text\" name=\"text-kp\" \/><\/span> <\/label>\n<\/p>\n<p><label> S\u00e4hk\u00f6postiosoite<br \/>\n<span class=\"wpcf7-form-control-wrap\" data-name=\"your-email\"><input size=\"40\" maxlength=\"400\" class=\"wpcf7-form-control wpcf7-email wpcf7-validates-as-required wpcf7-text wpcf7-validates-as-email\" autocomplete=\"email\" aria-required=\"true\" aria-invalid=\"false\" value=\"\" type=\"email\" name=\"your-email\" \/><\/span> <\/label>\n<\/p>\n<p><label> Puhelinnumero<br \/>\n<span class=\"wpcf7-form-control-wrap\" data-name=\"tel-476\"><input size=\"40\" maxlength=\"11\" minlength=\"9\" class=\"wpcf7-form-control wpcf7-tel wpcf7-validates-as-required wpcf7-text wpcf7-validates-as-tel\" aria-required=\"true\" aria-invalid=\"false\" value=\"\" type=\"tel\" name=\"tel-476\" \/><\/span><\/label>\n<\/p>\n<p><label> Viesti (valinnainen)<br \/>\n<span class=\"wpcf7-form-control-wrap\" data-name=\"your-message\"><textarea cols=\"40\" rows=\"10\" maxlength=\"2000\" class=\"wpcf7-form-control wpcf7-textarea\" aria-invalid=\"false\" name=\"your-message\"><\/textarea><\/span> <\/label>\n<\/p>\n<p><input class=\"wpcf7-form-control wpcf7-submit has-spinner\" type=\"submit\" value=\"L\u00e4het\u00e4\" \/>\n<\/p><div class=\"wpcf7-response-output\" aria-hidden=\"true\"><\/div>\n<\/form>\n<\/div>\n<\/div>\n\n\n\n<p><strong>Tietosuoja<\/strong><br>Emme k\u00e4yt\u00e4 j\u00e4rjestelm\u00e4\u00e4n tallennettuja numeroita muuhun kuin h\u00e4iri\u00f6tiedottamiseen. Numeroita ei myyd\u00e4 tai luovuteta eteenp\u00e4in<\/p>\n\n\n\n<p><\/p>\n","protected":false},"excerpt":{"rendered":"<p>Tilaa h\u00e4iri\u00f6tiedotteet tekstiviestin\u00e4 Toisinaan vedenjakelu on katkaistava, kun yll\u00e4pid\u00e4mme vesihuoltoverkostoa. Tiedotamme tekstiviestill\u00e4 suunnitelluista k\u00e4ytt\u00f6katkoista joko etuk\u00e4teen tai nopeasti \u00e4killisen h\u00e4iri\u00f6n johdosta, jotta voit varautua siihen. Tekstiviestin suurimpia hy\u00f6tyj\u00e4 ovat nopea tavoitettavuus sek\u00e4 turvallisuus. Matkapuhelin kulkee kaikkien taskussa ja koska tekstiviestit ovat Internet-yhteydest\u00e4 riippumattomia, niill\u00e4 voidaan tavoittaa ihmisi\u00e4 tehokkaasti henkil\u00f6n sijainnista riippumatta. TietosuojaEmme k\u00e4yt\u00e4 j\u00e4rjestelm\u00e4\u00e4n tallennettuja &hellip; <\/p>\n<p class=\"link-more\"><a href=\"http:\/\/www.myotamaenvesi.fi\/?page_id=257\" class=\"more-link\">Jatka lukemista<span class=\"screen-reader-text\"> &#8221;H\u00e4iri\u00f6tiedotteet&#8221;<\/span><\/a><\/p>\n","protected":false},"author":1,"featured_media":0,"parent":0,"menu_order":0,"comment_status":"closed","ping_status":"closed","template":"","meta":{"footnotes":""},"class_list":["post-257","page","type-page","status-publish","hentry"],"_links":{"self":[{"href":"http:\/\/www.myotamaenvesi.fi\/index.php?rest_route=\/wp\/v2\/pages\/257","targetHints":{"allow":["GET"]}}],"collection":[{"href":"http:\/\/www.myotamaenvesi.fi\/index.php?rest_route=\/wp\/v2\/pages"}],"about":[{"href":"http:\/\/www.myotamaenvesi.fi\/index.php?rest_route=\/wp\/v2\/types\/page"}],"author":[{"embeddable":true,"href":"http:\/\/www.myotamaenvesi.fi\/index.php?rest_route=\/wp\/v2\/users\/1"}],"replies":[{"embeddable":true,"href":"http:\/\/www.myotamaenvesi.fi\/index.php?rest_route=%2Fwp%2Fv2%2Fcomments&post=257"}],"version-history":[{"count":2,"href":"http:\/\/www.myotamaenvesi.fi\/index.php?rest_route=\/wp\/v2\/pages\/257\/revisions"}],"predecessor-version":[{"id":261,"href":"http:\/\/www.myotamaenvesi.fi\/index.php?rest_route=\/wp\/v2\/pages\/257\/revisions\/261"}],"wp:attachment":[{"href":"http:\/\/www.myotamaenvesi.fi\/index.php?rest_route=%2Fwp%2Fv2%2Fmedia&parent=257"}],"curies":[{"name":"wp","href":"https:\/\/api.w.org\/{rel}","templated":true}]}}